 = 0. Let n(b) = -199*b**2 + 2 + 235*b**2 - 1. Is n(i) a prime number?
True
Let r = 147260 + -65821. Is r composite?
False
Is (-18 - -14)*9643/(-2) a composite number?
True
Is (109734/(-12) + 11)/((-1)/2) a composite number?
True
Let j = 3 + 92. Suppose 0 = -n + 4*r + j, -3*n - r = 2*n - 412. Is n composite?
False
Suppose z + 3702 = 2*n + 67653, -2*n = -5*z + 319747. Is z a prime number?
True
Let j = 42231 + -8258. Is j prime?
False
Let j(p) = 586*p**3 + 3*p**2 + 9*p - 17. Is j(3) prime?
True
Let h(d) be the second derivative of 25*d**4/12 + 5*d**3/6 - 7*d**2/2 - d. Is h(-6) prime?
True
Let t be (-7 - (-6)/2)/1. Is (t - 33)/(1/(-2)) a composite number?
True
Let g = -23791 + 36912. Is g a prime number?
True
Let d(l) = 69140*l**2 + 3*l. Is d(1) a composite number?
False
Let a(t) = -26*t - 5. Let c(r) = 2. Let d(v) = -a(v) - 5*c(v). Let p(z) = 3*z**2 + 2*z. Let m be p(-2). Is d(m) a prime number?
False
Suppose 0 = 28*l - 883613 + 3601. Is l a prime number?
False
Let k(i) = 159*i**2 - 4*i + 8 + 8*i + 0 - 5. Is k(-1) a composite number?
True
Let r(s) = -7308*s**3 - 8*s**2 - 8*s + 1. Is r(-1) prime?
True
Let u(z) = 255*z - 3. Let f be u(4). Let r = -719 + f. Is r prime?
False
Let g(c) = c**3 + 11*c**2 + 5*c + 7. Let z be 24/28*14/(-2). Is g(z) prime?
True
Suppose -2*h - 5 = -s - 0, -2*s + 10 = 4*h. Suppose -7*l + 2*l + 5*x + 745 = 0, 4*l - x - 611 = 0. Suppose l = -h*g + 2*g. Is g prime?
False
Let i(k) = 2*k + 15*k**2 - 10 - 4*k - 4*k**2 + 27*k**2. Let z be i(5). Let h = z - 421. Is h composite?
False
Let m(p) = -965*p + 146. Is m(-21) a prime number?
True
Suppose 9*t - 2212 = 5*t. Is t a prime number?
False
Let m be -2*(-3 + (-51)/(-6)). Let l(d) = d**2 + 13. Let o be l(m). Suppose 2*r - o = 248. Is r a composite number?
False
Let b = 18 + -18. Let q(x) = 2*x**2 - x + 295. Is q(b) a composite number?
True
Is 10086 - -4*(-8)/(-96)*-21 a prime number?
True
Let q(b) = 21*b - 34. Suppose -12*g = -18*g + 78. Is q(g) a composite number?
False
Let q(s) = 9*s**3 + 8*s**2 + 25*s - 11. Is q(11) a prime number?
False
Let k(a) be the third derivative of 17*a**4/6 + 29*a**3/6 + a**2. Let v be (-40)/220 - 101/(-11). Is k(v) a prime number?
True
Is (-1)/8 + -2 + 138546/16 prime?
False
Suppose -4*c - 4 = -4*l - 0, 0 = 3*l + 2*c - 13. Let v be (13/l + -4)*2103. Suppose 0 = 3*t - v - 1204. Is t a prime number?
False
Let b = -23 - -33. Let y be 584/b + (-18)/(-30). Suppose 0 = 3*m - 2*j - 67, -4*j = 3*m - 14 - y. Is m prime?
True
Suppose 3*a - 4*b = 4091, 9*a - 5442 = 5*a - b. Is a prime?
True
Let l(j) = 2*j**3 - 9*j**2 + 7*j + 7. Let q(c) = -c**2 + c + 10. Let v be q(0). Suppose 4*r - v = 14. Is l(r) prime?
True
Suppose 0 = -2*x - 207 - 363. Let o = 118 - x. Is o composite?
True
Suppose 45*p + 5*d = 49*p - 3188, 2*d = 0. Is p a prime number?
True
Let u = 28 - 15. Let w(b) = -b + 18. Let l be w(u). Suppose 3*p = l*y - 150, 5*y = p - 60 + 220. Is y a composite number?
True
Let f = 6 + 0. Suppose -n + f*n = 0. Suppose 0*h + 2*j + 57 = 5*h, -h - 3*j + 8 = n. Is h prime?
True
Let x be (4 - (-54)/(-15))*5. Suppose x*w = 6*w - 868. Is w a composite number?
True
Suppose 77*k - 10972 = 51*k. Is k composite?
True
Let n = 2587 - -1810. Suppose 5147 + n = 4*t. Is t a composite number?
True
Let t(b) = b**3 - 2*b**2 + b + 6. Let n be t(0). Suppose 2*g - n*g = -1948. Is g a composite number?
False
Let t(s) = -533*s - 47. Is t(-6) a prime number?
False
Let h = -675 + 6412. Is h a composite number?
False
Let b(m) = 343*m + 149. Is b(10) a composite number?
True
Suppose -2*p = -z + 31 + 85, p = -3*z - 65. Let o = p - -690. Is o a prime number?
True
Let b(a) = -3*a**3 - 9*a**2 + 3*a + 16. Let x be b(-7). Suppose 2*t - 1251 = x. Is t a prime number?
False
Let k(i) = i**3 + 7*i**2 + 6*i + 5. Suppose -g - 10 = 4*r, 5*g + 23 + 5 = 2*r. Let x be k(g). Suppose x*c + 293 = 6*c. Is c prime?
True
Suppose -16*d + 1091343 = 17*d. Is d composite?
False
Let w(d) = 69*d + 2. Suppose 2*u - 28 = -2*u. Let h be w(u). Suppose 2*s + h = 7*s. Is s a composite number?
False
Let l = 2 - 8. Is 2632/5 - l/(-15) a prime number?
False
Suppose 3*h + 4*k - 13135 = 0, 5*k - 4*k - 4380 = -h. Is h composite?
True
Let u be (-5196)/(-30) + 1/(-5). Suppose 0*f - u = -f. Let j = f + -104. Is j a prime number?
False
Let c(r) = 5*r**2 + r - 15. Let n be c(-9). Let i = -34 + n. Is i prime?
True
Suppose -3*o = -15, -o = 4*v - 3*v + 1946. Let j = v - -4766. Is j a prime number?
False
Suppose 0 = -h, h = -4*g - 23 + 3. Let x = -4 - g. Is 0 - 9/(-3)*x composite?
False
Let h be (2/2)/(1/(-2377)). Let m = -576 - h. Is m a prime number?
True
Let h be 4*((-1)/(-2) - -1). Let l(k) = 11*k + 6. Let s(i) = 3. Let o(g) = l(g) - s(g). Is o(h) composite?
True
Let a = 9127 - -630. Is a a prime number?
False
Suppose 2*z - 54 = 2*w - 0*z, 0 = -3*z + 12. Let m = -60 + 114. Let a = m - w. Is a a composite number?
True
Suppose -2*r + 1616 = -1578. Suppose 2*n - 5245 = 7*n - b, 3*b - 4185 = 4*n. Let t = n + r. Is t a prime number?
True
Let l = 38482 + -24201. Is l a composite number?
False
Let y(c) = -c**3 + 9*c**2 - 9*c + 3. Let f be 36/5 - (-5)/(-25). Is y(f) a prime number?
False
Suppose 6*v = 3787 - 1093. Is v composite?
False
Suppose 0 = 5*y - 3*y - 452. Suppose 2*i + 3*p - p = 952, 3*i - 3*p - 1422 = 0. Let u = i - y. Is u a composite number?
True
Is (-6 + 3)*(-32995)/15 a composite number?
False
Suppose 4*o = 4808 + 2468. Is o a composite number?
True
Suppose 23313 + 3702 = 15*y. Is y prime?
True
Let o = 33 + -31. Is (-12)/o*(-1644)/24 composite?
True
Let s be 33/(-9) + 3 - 4628/(-3). Is -1 - (3 - s/(8/4)) prime?
False
Suppose -151 = -r - 5*j, 0*j - 2 = j. Suppose 0 = 3*c - 1856 + r. Suppose 3*x + 2*x - c = 0. Is x composite?
False
Let w(u) = -94*u - 2. Let n be w(-9). Suppose -43*c + n = -39*c. Is c composite?
False
Let r(q) = q**2 + 17*q + 43. Let v be r(-14). Is v/(-4) - (148724/(-16) + 2) a prime number?
True
Let g = 24 - 19. Let p(c) = 46*c**2 - 4*c + 3. Let a be p(3). Suppose -g*u = 5*l - a, -5*l + 3*l - u + 158 = 0. Is l a prime number?
False
Suppose -172691 = -20*w + 551489. Is w a prime number?
True
Let d(h) = -14*h**3 - 16*h**2 + 85. Is d(-13) a composite number?
True
Suppose -18 = l + 5*w, -2*w + 0*w - 20 = 2*l. Let p be 1/((-2)/l*2). Suppose p*f - 3*u = 592, -6 = 3*u - 0*u. Is f composite?
False
Let w(p) = -p**3 - p**2 - p + 2. Let d be w(0). Let m(u) = -2*u**3 + u**2 + 4*u - 3. Let g be m(d). Let t(l) = -l**3 - 6*l**2 + 3*l - 5. Is t(g) a prime number?
True
Let p(u) = -u**2 + 8*u. Let z be p(8). Let g(f) = f + f**2 + z*f**2 + 220 + 367. Is g(0) a composite number?
False
Suppose -5*c - 5*n = -10, 0*n + 6 = 3*c + n. Suppose r - c*a + 3 = -0*a, 9 = 2*r + a. Suppose 388 = r*y - y. Is y a composite number?
True
Suppose 0 = 10*j - 36456 + 9966. Is j composite?
True
Suppose -25*a - 14135 = -71460. Is a a prime number?
True
Suppose -5*b + 23 = 3*v + 7, 3*v - 19 = -2*b. Suppose 0 = v*f - f - 5406. Is f prime?
False
Let m be -14*1/((-28)/(-432)). Let l be 61/(3/m*-3). Suppose 2*d = l - 98. Is d a composite number?
False
Let h = -17518 + 28869. Is h a prime number?
True
Let a(t) = 2*t**2 - 5*t + 4. Suppose 2*c + k - 2 = 0, -2*c - c + 12 = -3*k. Let h be a(c). Is (-37)/((-1)/(h - -5)) prime?
False
Suppose -10*g + 11390 + 48300 = 0. Is g prime?
False
Let r(n) = 18*n - 5. Is r(1) a composite number?
False
Is (-1130730)/(-20)*11/(33/2) prime?
True
Is 8402*(-6 - 13/(-2)) a composite number?
False
Let q(a) = 4*a**2 - 41*a + 39. Is q(-44) composite?
False
Let n = -601 - -750. Is n a prime number?
True
Let t(w) = w**2 + 2. Let k be t(-3). Let a(q) = -q**2 + 15*q + 15. Let u be a(k). Let h = u - -74. Is h a prime number?
False
Suppose c + 3*h - 305 = -h, -979 = -3*c + 4*h. Suppose -2*q + 787 = c. Is q a prime number?
True
Suppose -3*s = -4*o - 1315, 2*s = 2*o + 7*s + 625. Let y = -578 - o. Let g = y + 456. Is g prime?
False
Suppose -168 = -3*s + 5*w, 168 = 3*s - 0*w - 4*w. Is (-8)/14 - (-3336)/s composite?
False
Suppose 0 = -4*z - 0 - 16. Let i be (-2 - z - 4)*146. Let r = 433 + i. Is r composite?
True
Let d = 170 - -1100. Suppose -5*v = 4*p - 979, -5*p + d = -2*v - v. Is p composite?
False
Let o be -1*(2 + 1 + -4). Let c be o/(-2)*-80*1. Let d = c + -21. Is d prime?
True
Let c be (-7 + -166)*(-4)/(-2). Let l = 1091 + c. Is l a composite 